.
3
What is the highest common divisor of 296 and 1509304?
296
Calculate the greatest common factor of 568355 and 2840.
355
Calculate the highest common divisor of 406 and 114086.
406
Calculate the greatest common factor of 496 and 5177.
31
What is the greatest common divisor of 7576 and 152?
8
What is the greatest common divisor of 7936731 and 297?
297
Calculate the highest common factor of 13 and 36881.
13
What is the highest common factor of 51696 and 176?
16
Calculate the greatest common divisor of 568 and 761191.
71
Calculate the greatest common divisor of 96 and 14064.
48
What is the greatest common factor of 152960 and 140?
20
Calculate the greatest common divisor of 1794496 and 352.
352
What is the highest common factor of 94 and 3104726?
94
Calculate the greatest common factor of 912 and 35682.
114
What is the greatest common factor of 478 and 405583?
239
What is the greatest common divisor of 689 and 4399?
53
Calculate the greatest common divisor of 1078 and 799337.
539
Calculate the greatest common divisor of 192468 and 8772.
516
What is the highest common factor of 27007 and 2147?
113
What is the greatest common factor of 111 and 83879?
37
Calculate the highest common divisor of 2714 and 7751.
23
What is the greatest common divisor of 22519 and 315?
7
Calculate the greatest common divisor of 31 and 151311.
31
Calculate the highest common factor of 3540 and 660.
60
What is the highest common divisor of 1397001 and 219?
219
What is the greatest common divisor of 167867 and 7?
7
What is the greatest common factor of 53850 and 750?
150
Calculate the greatest common factor of 42886 and 164.
82
What is the highest common factor of 49672 and 728?
56
Calculate the highest common factor of 44722 and 1593.
59
What is the highest common divisor of 327 and 447?
3
What is the greatest common divisor of 14 and 105294?
14
Calculate the greatest common divisor of 3925 and 141700.
25
Calculate the greatest common divisor of 14043 and 19479.
453
Calculate the highest common divisor of 256 and 884992.
256
What is the highest common factor of 1918 and 12082?
14
Calculate the greatest common factor of 30693 and 4927.
13
What is the greatest common divisor of 9104 and 400?
16
What is the highest common factor of 4948736 and 64?
64
What is the greatest common factor of 24628 and 2620?
524
What is the highest common factor of 35 and 1233?
1
Calculate the highest common factor of 555 and 124860.
15
Calculate the highest common factor of 18260 and 880.
220
What is the highest common divisor of 126 and 3654?
126
Calculate the greatest common factor of 62080 and 1760.
160
What is the highest common divisor of 7735 and 1638?
91
Calculate the highest common divisor of 3397 and 16684.
43
What is the highest common divisor of 43244 and 3439?
19
What is the highest common factor of 539504 and 112?
112
What is the greatest common factor of 918 and 7497?
153
What is the greatest common divisor of 33425 and 206280?
955
Calculate the greatest common factor of 23238414 and 134.
134
Calculate the greatest common divisor of 344295 and 1260.
315
Calculate the highest common factor of 6251 and 423.
47
What is the greatest common divisor of 24928 and 2052?
76
Calculate the greatest common divisor of 3 and 265.
1
Calculate the highest common divisor of 52 and 146614.
26
Calculate the highest common divisor of 473312 and 2912.
224
Calculate the highest common divisor of 903 and 17598.
21
Calculate the greatest common divisor of 57000 and 4200.
600
Calculate the greatest common factor of 85 and 28150.
5
What is the highest common divisor of 1003 and 7729?
59
Calculate the greatest common divisor of 1098647 and 33.
11
Calculate the highest common divisor of 99 and 52992.
9
Calculate the greatest common factor of 1674 and 126.
18
What is the highest common factor of 194747 and 63?
7
What is the greatest common divisor of 1738818 and 54?
18
Calculate the highest common factor of 13 and 158457.
13
What is the highest common factor of 180 and 7515?
45
What is the highest common factor of 1903904 and 32?
32
Calculate the highest common factor of 96 and 597216.
96
Calculate the greatest common divisor of 22 and 19514.
22
Calculate the greatest common divisor of 48 and 189264.
48
What is the greatest common divisor of 55 and 57178?
11
Calculate the greatest common divisor of 34539 and 546669.
1191
What is the highest common divisor of 81589 and 2075?
83
Calculate the greatest common factor of 26004 and 8448.
132
What is the highest common divisor of 285717 and 3?
3
What is the highest common divisor of 2520 and 115416?
504
What is the highest common factor of 185193 and 81?
27
What is the greatest common factor of 481 and 8954?
37
Calculate the greatest common factor of 7744 and 1210.
242
Calculate the highest common factor of 5734 and 14274.
122
What is the greatest common divisor of 13704 and 48?
24
Calculate the greatest common factor of 15 and 2392455.
15
What is the highest common divisor of 1305 and 657?
9
What is the highest common factor of 118448 and 214014?
1346
Calculate the greatest common divisor of 572 and 2106.
26
Calculate the greatest common factor of 21 and 1102199.
7
Calculate the greatest common divisor of 11949 and 84.
21
Calculate the greatest common factor of 193 and 5028229.
193
Calculate the greatest common factor of 77724 and 84.
12
Calculate the highest common factor of 96 and 37336.
8
What is the greatest common divisor of 28 and 1677886?
14
What is the highest common divisor of 1308 and 2208?
12
What is the greatest common divisor of 233026 and 940?
94
Calculate the highest common divisor of 29882 and 40.
2
What is the highest common factor of 78 and 827814?
78
What is the highest common factor of 1650 and 2662?
22
Calculate the greatest common factor of 122643 and 72.
9
Calculate the highest common divisor of 1 and 516849.
1
Calculate the greatest common divisor of 8 and 1901456.
8
Calculate the highest common factor of 17121 and 1677.
39
What is the greatest common factor of 7011 and 18081?
369
What is the greatest common divisor of 143900 and 20?
20
Calculate the greatest common factor of 1969449 and 3.
3
Calculate the greatest common divisor of 96 and 17614.
2
Calculate the greatest common factor of 170 and 145775.
85
What is the highest common factor of 703597 and 821?
821
Calculate the greatest common divisor of 4190525 and 25.
25
Calculate the highest common factor of 42 and 2926364.
14
Calculate the greatest common factor of 18 and 1521.
9
Calculate the greatest common divisor of 3250 and 25766.
26
Calculate the greatest common factor of 750 and 72125.
125
What is the highest common factor of 48552 and 4522?
238
Calculate the greatest common factor of 10920 and 8060.
260
What is the highest common divisor of 1481352 and 120?
24
What is the highest common factor of 9282 and 108528?
714
What is the highest common divisor of 10 and 37445?
5
What is the highest common divisor of 521 and 4536347?
521
What is the highest common factor of 455377 and 598?
299
Calculate the highest common factor of 394200 and 219.
219
What is the highest common divisor of 7210880 and 10?
10
What is the greatest common factor of 1794 and 726?
6
What is the greatest common factor of 154064 and 176?
16
Calculate the greatest common factor of 14918 and 2.
2
Calculate the highest common divisor of 14 and 12106.
2
Calculate the greatest common divisor of 94877 and 34.
17
Calculate the greatest common factor of 88 and 539.
11
What is the greatest common factor of 530588 and 4?
4
What is the greatest common divisor of 1048576 and 64?
64
Calculate the greatest common divisor of 15283 and 96193.
899
What is the greatest common divisor of 630 and 476?
14
Calculate the greatest common factor of 211368 and 48.
24
Calculate the greatest common factor of 469 and 6820667.
469
What is the greatest common divisor of 6 and 47348?
2
Calculate the highest common divisor of 208156 and 13.
13
Calculate the greatest common factor of 61289 and 3670.
367
Calculate the highest common factor of 201 and 275571.
201
Calculate the greatest common factor of 1135 and 384992.
227
Calculate the highest common divisor of 1179 and 301562.
131
What is the highest common factor of 20 and 943780?
20
What is 